
8
Let r(x) = x**3 - 4*x**2 + 5*x - 4. Let w be r(3). Let s = 3 + w. Let h(k) be the third derivative of k**5/60 - k**4/4 + 5*k**3/6 - k**2. What is h(s)?
0
Let x be (-9)/(-12) + (-54)/(-24). Let y(l) = -l**2 - l - 3. Give y(x).
-15
Let c(x) be the third derivative of 0*x - 1/8*x**4 + 6*x**2 + 0*x**3 + 0. What is c(3)?
-9
Let u(c) = c - 9. Let h be u(4). Let l(i) = -2*i - 7. Determine l(h).
3
Let j = -11 + 6. Let k be -6*3/(-6) + 1. Let y(z) = k + 0*z**3 + z - 2*z**2 - 3*z**2 - z**3. Give y(j).
-1
Let v(b) = -b**3 - 6*b**2 - 6*b + 2. Let g be (3/(-2))/(6/(-16)). Suppose -g*o - 8 - 12 = 0. What is v(o)?
7
Let d(y) be the first derivative of y**4/4 + y**3/3 - y**2/2 - 4*y + 44. Suppose -3 = -2*u - 4*p + 1, 0 = -5*u + 3*p - 3. Calculate d(u).
-4
Let p be (0 - -1)*(3 + -3). Let b(l) be the third derivative of -l**6/120 - l**5/60 + l**4/24 - 2*l**3/3 - l**2. Determine b(p).
-4
Let a = 9 - 6. Suppose -1 = -5*r - 3*s - a, -4*s = 16. Let f(i) = -i**2 + i - 1. Determine f(r).
-3
Let w(s) be the first derivative of s**4/4 - 5*s**3/3 + 3*s**2/2 - 7*s + 2. Suppose 2*h = 5*h - 15. Give w(h).
8
Let v(t) = -2*t + 54. Let f be v(30). Let c(z) = -z**3 - 6*z**2 - z - 3. Give c(f).
3
Let m(a) = 4*a**3 + 5*a**2 + a. Let l(b) = -5*b**3 - 6*b**2 - b. Let n(h) = 5*l(h) + 6*m(h). Determine n(2).
-6
Let t(r) = -r**2 + 4*r - 3. Suppose g = -0 + 3. Let v be ((-1)/3)/((-6)/36). Suppose -g*a = -v*a - 2. Give t(a).
1
Let m(b) = 3*b + 17. Let u(y) = y + 6. Let o(i) = -4*m(i) + 11*u(i). Calculate o(5).
-7
Let a(m) be the third derivative of -1/2*m**3 + 0*m + 0 + 1/24*m**4 + 4*m**2. Let p = -4 + 6. What is a(p)?
-1
Let v(t) be the second derivative of t**5/20 - t**4/3 + 5*t**3/6 - t**2 + t. Determine v(3).
4
Suppose -r - 12 = r. Let u(l) = -1 + 8 - 9*l + 11*l. What is u(r)?
-5
Let q = -40 + 43. Let j(b) = -2*b + 3. Let k(g) = 4 - 1 + 0*g - 2*g. Let u(x) = q*k(x) - 4*j(x). Calculate u(3).
3
Let j(s) = 47*s - 46*s - 1 - 2. Give j(-7).
-10
Suppose 0 = 5*x - x - 12. Let o(p) = 0*p**2 + p**x - 6*p**2 + 6*p + 1 - 5*p - 2*p. What is o(6)?
-5
Let o(v) be the first derivative of v**2/2 + 5*v + 16. Determine o(-3).
2
Let f(z) be the second derivative of z**3/6 - 3*z**2/2 + z. Let r be f(6). Let n(t) be the first derivative of -t**3/3 + t**2 - 4*t + 9. Give n(r).
-7
Let x(j) = j**3 + 2*j**2. Let i be x(-2). Let z(s) = -s - 7*s**2 + 6*s - 3*s + i*s - 1. What is z(1)?
-6
Suppose 5*x - 12 = -2*f, 0 = 4*x + 2*f - 10. Suppose 0 = n - 3*n + x. Let a(m) = 3*m - m**3 - m**2 - 3*m**3 + m**3 - 2*m. What is a(n)?
-3
Let q(u) = u + 6. Let v be (0 - -2)*12/(-8). Let k = v + -2. Calculate q(k).
1
Let k = -2 + 1. Let g = k - 3. Let o(n) = -n - 1 + n**3 - n + n**2 + 3*n**2. Give o(g).
7
Let m be (-2)/6*-3 - -3. Let g(z) = z**3 - 4*z**2 - 2*z + 2. Determine g(m).
-6
Let d(i) = i**3 - 6. Suppose 0 = -2*g + 4*g. What is d(g)?
-6
Let z(v) be the third derivative of 0 + 0*v + 0*v**4 + 1/6*v**3 + 1/40*v**6 + 0*v**5 - v**2. Give z(1).
4
Suppose -29 = -o - 2*o + 5*c, 3*o = -4*c - 7. Let b(v) = -v**2 + 2*v + 2. Let d be b(o). Let u be (-1 + 4)*(0 + d). Let n(y) = -y + 2. Calculate n(u).
5
Suppose -4*x + 20 = -8. Let v(d) = d**3 - 7*d**2 - 1. Calculate v(x).
-1
Let z(h) = -4 + 5 - h**3 + 3*h - 4*h**2 + 0 + 0. Let q(v) = -v - 1. Suppose 0*m + 16 = 4*m. Let d be q(m). What is z(d)?
11
Let s(c) = c**3 - 5*c**2 + 3*c - 1. Let a(m) = m + 14. Let h be a(-10). Determine s(h).
-5
Let y(t) = 2*t + 3. Let x be -2 - (-1 + -2 + 2). Let g = x - -11. Suppose -3*v - g + 1 = 0. Give y(v).
-3
Let p be (14/4)/(2/(-4)). Let k(g) be the second derivative of g**3/6 + 9*g**2/2 - 5*g + 9. What is k(p)?
2
Let m(u) = u + 2. Let f be m(-2). Let a = -3 - -6. Let w(t) = -t**2 + 4*t - 7 - a*t + 0*t + 3. What is w(f)?
-4
Suppose m - 20 = 5*m. Let z = m - -8. Let y(w) = -w**2 + w + 1. Determine y(z).
-5
Let j(z) = -3*z + 3. Let w be 1 + -2 + -46 - -2. Let l be 3/(w/(-6))*10. Let n be l/14 - 38/(-14). What is j(n)?
-6
Suppose 2*q - 4*s - 32 = 0, 4*s + 38 = 5*q - 18. Suppose q = -2*i, 4*i + 0 = -5*d - 11. Let p(y) = 3 - 2*y - 4*y - 2 + 3*y. Give p(d).
-2
Let k(n) be the first derivative of n**4/4 - 7*n**3/3 + n**2/2 + 10. What is k(7)?
7
Let b(z) = -z**3 + 5*z**2 - 2*z + 6. Suppose 0 = f - 3 + 1. Suppose -18 = -5*a + 2*p, 0 = -2*a - f*p + 7 + 3. Let k be (-6)/a*40/(-12). Calculate b(k).
-4
Let c(d) = d**2 - 6. Suppose 2*n = -n + u - 29, n = -5*u + 17. Let r = 8 + n. What is c(r)?
-6
Suppose 2*w + 16 = 4. Let v(k) be the third derivative of 0 + 2*k**2 + 0*k + 1/60*k**5 - 5/6*k**3 + 5/24*k**4. Give v(w).
1
Let k(j) = -j**2 + j - 6. Let w(m) = -m**2 + 14*m - 1. Let d be w(14). Let u = d + 1. What is k(u)?
-6
Let f(z) be the third derivative of -z**4/24 - z**3 + 6*z**2. What is f(-6)?
0
Let l(x) = 8*x - 3. Let f(a) = -a + 9. Let k be f(7). Give l(k).
13
Suppose 3*m + l - 4*l + 3 = 0, 2*l = -5*m + 23. Let q(c) = -5 + 3 + m + 3 - 2*c. What is q(5)?
-6
Let h(w) = -13*w**2 - 7*w + 13. Let g(l) = -3*l**2 - 2*l + 3. Let u(j) = -9*g(j) + 2*h(j). Let t(y) be the first derivative of u(y). Give t(3).
10
Let m(p) = -p**3 + 8*p**2 + 11*p - 13. Let w be m(9). Let h(g) = 7*g + 7. Let i(b) = -b - 1. Let y(f) = h(f) + 6*i(f). Determine y(w).
6
Let a(h) = -h - 1. Let k(d) = -d - 1. Let s(u) = 4*a(u) - 5*k(u). Calculate s(1).
2
Let p = -39 + 41. Let y(d) = d + 2. Give y(p).
4
Let s(v) = -v**3 - 11*v**2 + 8. Let k(t) = t**2 - t. Let o(p) = 4*k(p) + s(p). What is o(-6)?
-4
Let i(k) = -6 - 2*k**2 + 14 + 3*k**2 - k. Calculate i(0).
8
Suppose -4*a - 18 = 5*i, 0 = -4*i + 4*a - 10 - 26. Let p(h) = h - 5. What is p(i)?
-11
Let x(y) = 8 - 3*y**2 - 6 + 8*y**2 + 5*y - 1 + y**3. What is x(-4)?
-3
Let v(a) = 8*a**3 + a**2 - a + 3. Let d be 5*2*(-22)/55. Let y(s) = -15*s**3 - 2*s**2 + 2*s - 5. Let k(w) = d*y(w) - 7*v(w). Suppose -3 = 5*b + 2. What is k(b)?
-3
Let b(u) = -u**2 + 4*u + 1. Suppose f - d - 3 = -2, 0 = -f - 2*d + 13. Calculate b(f).
-4
Suppose o - 12 = -15. Let b(n) = -n**3 + 3*n - 2. What is b(o)?
16
Let l(m) be the third derivative of m**5/60 - m**4/6 - m**3/6 + 23*m**2. Calculate l(4).
-1
Let l = 0 - 0. Let u(s) be the third derivative of -s**8/20160 + s**7/5040 + 7*s**6/720 + s**5/20 - 2*s**2. Let d(t) be the third derivative of u(t). Give d(l).
7
Let m(y) = y**3 - 5*y**2 + 2*y. Let d(p) = -p**3 + 5*p**2 + 9*p - 15. Let f be (2/(-2))/(2/(-12)). Let i be d(f). Give m(i).
-12
Let k(q) = q**2 - 4*q - 3. Let f be k(5). Let p be (-17)/(-3) - f/3. Let l = p - 7. Let h(o) = o**2 + 2*o + 2. What is h(l)?
2
Let c = 16 - 12. Let o(t) = c + t + t**2 + 3 + 4*t. Suppose -4*k = 9 + 11. Determine o(k).
7
Let m be (12/(-8) - 0)/(3/(-8)). Let h(d) = d**2 - 3*d - 2. Give h(m).
2
Let m(r) = r**2 + 3*r - 1. Let o be m(-3). Suppose 3*y + 12 = w, 2*w + 3*w - 4*y - 27 = 0. Let k(s) = w*s - 2*s**2 + 1 - 2*s - 2*s**2. What is k(o)?
-4
Let u(w) be the second derivative of w**4/24 + w**3/6 - w**2/2 + 4*w. Let b(m) be the first derivative of u(m). Determine b(-3).
-2
Let q(v) = v**2 + 2*v + 6*v**3 - 2*v**3 - 3*v**3 + 1. Let y(d) = -d**3 - 7*d**2 - 13*d - 6. Let x be y(-4). Calculate q(x).
-7
Let z(o) = 2*o + 1. Let c = -14 - -22. Let s = 11 - c. Suppose s = x - 2*x. What is z(x)?
-5
Let w(p) = 3*p. Let t be 26/7 - 2/(-7). Let m be 10/t + 2/(-4). Give w(m).
6
Let c be (-24)/(-36)*(1 - 4). Let u be (0/c)/(2/1). Let i(d) = d + 5. Calculate i(u).
5
Let a(k) = -k + 19. Let c(v) = -3*v + 39. Let s(z) = -5*a(z) + 2*c(z). What is s(-8)?
-9
Let z(g) = -8*g**2 + 1. Let n(q) = -q**3 + 3*q**2 - 6. Let p be n(3). Let v(u) = u**3 + 5*u**2 + u - 7. Let w be v(-5). Let x be w/8*4/p. Give z(x).
-7
Suppose 2*a - 3 = -3*q, -2*q = -5*a - 2 - 0. Let n(f) = -3*f. Calculate n(q).
-3
Let b(q) be the third derivative of -q**4/8 - 5*q**3/6 - q**2. Let x be 16/(-56) - 12/7 - 2. Give b(x).
7
Let s = -6 + 11. Let d = -6 + s. Let x(m) = 5*m**3 - m**2 + 1. What is x(d)?
-5
Suppose -3*y - 1 + 4 = -3*r, -3*y + 3 = 0. Let v(n) = n**2 - n. Let d(k) = 3*k**2 - 4*k + 3. Let a(x) = -d(x) + 4*v(x). Give a(r).
-3
Let h be 182/21 + 1/3. Let f be 7*1 + h + -11. Let b(y) = 0 + y - f + 1 + 3. Calculate b(6).
5
Let b(c) = 5*c - 4*c - 5*c**2 + 0*c. Suppose 7*g = 4*g + 3. Calculate b(g).
-4
Let u(w) = w - 4. Let m be u(7). Let r(b) be the second derivative of 0 - m*b - 1/6*b**3 + 1/12*b**4 + 1/20*b**5 - 1/2*b**2. Determine r(0).
-1
